 2*z + 2*z + 2*q = 466, 15 = -3*q. Suppose 4*s - 2 + 6 = 0. Let h be (18 - s/(-1))*1. What is the highest common factor of z and h?
17
Let v(i) = -i**3 - 12*i**2 - 24*i - 23. Let r be v(-10). What is the highest common factor of 629 and r?
17
Let i = 11 + 8. Let l be 5 - 4/(-8)*218. Calculate the highest common divisor of i and l.
19
Let v = 1413 - 1112. What is the greatest common divisor of v and 49?
7
Suppose a + 5*i = 98, 2*a - 3*a + 53 = -4*i. What is the greatest common divisor of 803 and a?
73
Let u = -11 - -43. Let t be 1522/5 - (-6)/(-15). Suppose -4*o = 4*p - t, o = -0*o + 2*p + 88. Calculate the greatest common factor of o and u.
16
Let k be (-32)/40 + (-174)/(-5). Calculate the highest common divisor of k and 85.
17
Let y = 1 + -3. Let t be y/(-4)*(-1 + 9). Let u be 2/(-4) + 382/t. Calculate the greatest common divisor of 19 and u.
19
Let n = -176 - -960. Calculate the greatest common factor of 98 and n.
98
Suppose -2*w + 2 = 2*l, -4*l = 5*w - 2 - 2. Let c(p) = 19*p**2 - 5*p + 5. Let u be c(l). What is the highest common factor of u and 171?
19
Let w be (-1 + 1 - 10)/(-1). Suppose -126 = -4*q + 234. What is the greatest common factor of q and w?
10
Suppose -d = -0 + 1, -5*d - 120 = -5*y. Let i be ((-72)/33)/4 - 9324/(-396). What is the highest common factor of i and y?
23
Suppose z + g - 48 = 0, 5*z - 28 = 2*g + 212. Calculate the highest common divisor of z and 276.
12
Suppose 18 - 68 = -2*f. Let l be (108/90)/(1/f + 0). What is the greatest common factor of 40 and l?
10
Suppose -28*x + 23*x = 4*u - 998, -4*u + 1014 = -3*x. Calculate the greatest common divisor of 441 and u.
63
Let i(k) = k**3 - 15*k**2 + 3. Let b be i(15). Suppose 2*t - 68 = -4*h, 0*t + b*t - 5*h - 135 = 0. What is the highest common divisor of 5 and t?
5
Let m(b) = -10*b - 1. Let x be m(-5). Let d(n) = n + 13. Let h be d(-6). What is the greatest common divisor of x and h?
7
Let o = 7152 - 4944. Calculate the greatest common factor of o and 23.
23
Let k(c) = 2*c**3 + 26*c**2 + 15. Let m be k(-13). What is the highest common factor of 15 and m?
15
Let m = 12 - 8. Suppose 3*h - 84 = -m*g + 80, -3*h + 176 = g. What is the highest common divisor of h and 20?
20
Suppose -2*j + 33 = -19. Calculate the greatest common factor of j and 312.
26
Let n(g) = 17*g - 56. Let m be n(14). What is the highest common divisor of m and 104?
26
Let r be -2*((-2)/4 + 0). Let s = r + 1. Suppose -2 = 5*z - 12. What is the highest common factor of z and s?
2
Suppose -2*n - 3*a + 732 = n, -4*a + 480 = 2*n. Let h = n - 110. What is the highest common factor of h and 6?
6
Let m = 8 - 2. Let g(b) = b**2 + 20*b - 29. Let k(w) = -w**2 - 2*w - 22. Let h be k(0). Let n be g(h). Calculate the greatest common factor of m and n.
3
Let f(v) be the third derivative of -v**6/120 - v**5/30 - v**4/3 + 15*v**2. Let s be f(-6). Calculate the greatest common divisor of 24 and s.
24
Suppose 0 = u - 4*w + 8*w + 21, 5*w + 24 = -u. Let q be (u/((-18)/(-20)))/(-1). What is the highest common divisor of 70 and q?
10
Let w be ((-27)/12)/((-6)/(-32)). Let s be (-51)/(-6) + 6/w. Suppose -g + 11 = 2*g - 2*d, 2*d = -s. What is the greatest common factor of 11 and g?
1
Let x(v) = 60*v - 32*v + 30*v**2 - 31*v - 2. Let i be x(-1). Let b(k) = -56*k - 1. Let z be b(-5). What is the highest common divisor of z and i?
31
Let n = 12 - 1. Let m(u) = u**2 - 12*u + 12. Let q be m(n). Let a = -14 + 22. Calculate the highest common factor of a and q.
1
Let t = 315 + -219. Suppose 9*u - t = 3*u. Calculate the highest common factor of u and 144.
16
Let g(z) = -3*z - 11. Let a be g(-6). Let x = a + -7. Suppose 34 = 5*s + 2*i, s + 0*s - 2*i - 2 = x. Calculate the greatest common divisor of 6 and s.
6
Let i(t) = -5*t - 42. Let x be i(-18). Suppose -18*w = -22*w + x. Calculate the highest common factor of 12 and w.
12
Suppose -3*d + 5*d = 4. Let r be (-12)/(-7) - d/(-7). Suppose s - 1 = -2*q - 4, -3*s = -r*q + 17. What is the highest common factor of q and 3?
1
Suppose 2*x + 4*o = -14, 2*o + o = -3*x - 18. Let b = x + 15. Let w = -9 - -14. Calculate the greatest common factor of w and b.
5
Suppose 3*q = -2*q + 220. What is the highest common divisor of 308 and q?
44
Let j = 93 + -89. Suppose -3*z = z - j*b - 8, -b + 33 = 4*z. What is the highest common factor of z and 21?
7
Let b(s) = -14*s**3 + 2*s + 1. Let c be b(-1). Let d = -3 + c. Let k(o) = -o**3 - o**2 + 2. Let r be k(-3). What is the greatest common divisor of r and d?
10
Let k = -528 - -533. Let t = 3 - 1. What is the highest common divisor of k and t?
1
Suppose 15 = 3*o + 4*t, -4*o = -o + 2*t - 21. Suppose 0 = 4*z - 4*b + 28, 4*z = 2*z - b - 20. Let a = z + 12. What is the highest common divisor of a and o?
3
Let u(z) = z**3 + 3*z**2 - z - 1. Let d be u(-3). Let r be 4*(d - 3/3). Suppose -r*g + 66 = -j - j, -3 = j. What is the highest common factor of 135 and g?
15
Let s = -23 - -23. Let z(x) = -x + 19. Let n be z(s). What is the highest common factor of 76 and n?
19
Let v(k) = k**3 - 8*k**2 + 17*k - 2. Let n be v(5). Calculate the highest common divisor of 3 and n.
1
Suppose -4*o + 3*s + 330 = -2*o, o - 165 = -4*s. What is the highest common factor of 110 and o?
55
Suppose -2*d + d = 3*m - 15, -4*d = 5*m - 32. Let z = -51 - -79. Calculate the greatest common factor of m and z.
4
Suppose -5*b + 120 = 5*c - 25, 5*c + 23 = 2*b. Let a be (-6)/(-10) - (-28)/20. Let i be a*(4/1 + -1). What is the highest common divisor of i and b?
6
Let r(a) = a**3 - 5*a**2 + a + 11. Let m be r(0). Calculate the highest common factor of 11 and m.
11
Suppose -3*s - 2 = -4*s. Let w(o) = 9*o**3 + 1 + 0*o**3 - 2*o + o**2 + 3*o**3. Let k be w(1). What is the highest common divisor of k and s?
2
Let g be (-6 - 98/(-21)*15)*12. What is the highest common factor of 24 and g?
24
Suppose 41*m - 233 = 915. What is the greatest common divisor of m and 308?
28
Suppose -s + 4 = -5*u, 5*u = 5*s - 2*s - 12. Suppose u = 9*g - 7*g - 8. What is the highest common divisor of 16 and g?
4
Let m be (84/(-3))/(2/(-4)). Suppose -2*p = 2*l - 29 + 5, 76 = 5*p - 3*l. Calculate the greatest common divisor of p and m.
14
Suppose 0*j = -j + 33. Let y = -253 + 363. Suppose -6*n + y = -n. Calculate the highest common divisor of n and j.
11
Let n(w) = -w - 21. Let s be n(-7). Let h be 5 + 7567/49 + (-8)/s. What is the highest common factor of 10 and h?
10
Suppose -5*w + 45 = 2*r - 15, 4*w - 16 = 0. Calculate the highest common factor of r and 150.
10
Let u(b) = -3 - 12 + 5 - 8*b + 3*b**2. Let k be u(-5). What is the greatest common factor of 15 and k?
15
Let c(h) = -h**3 + 7*h**2 + 9*h + 5. Let k be c(7). What is the highest common factor of k and 731?
17
Let f be (-12 + 9)/(-1) + 2*1. What is the greatest common divisor of 15 and f?
5
Let u(n) = 2*n + 86. Let w be u(-22). What is the highest common divisor of 14 and w?
14
Let c be 2*(2 + 0 + 0). Suppose -6*p + c*p + 224 = 0. Calculate the greatest common factor of 16 and p.
16
Let c be 7 + (0 - 3)/1 - -13. Let q be 2/(-15)*-6*(-7 + c). What is the highest common divisor of q and 16?
8
Suppose -30 + 8 = -4*x + 2*w, -5*w = -15. Calculate the highest common factor of 7 and x.
7
Let g(l) = l**3 + 4*l**2 + l + 23. Let z be g(-4). What is the greatest common factor of 2033 and z?
19
Let s(h) be the first derivative of -h**2/2 + 12*h + 3. Let c be s(0). What is the greatest common factor of 12 and c?
12
Let s be (5/(45/(-288)))/((-14)/21). Suppose 3*x - 2*o - 105 - 185 = 0, 101 = x - 5*o. Calculate the highest common divisor of x and s.
48
Let m = -97 + 45. Let o = 65 + m. Calculate the highest common divisor of 13 and o.
13
Let n be ((9 - 6) + -13)*-1. Calculate the highest common factor of n and 245.
5
Let v = 19 - 32. Let h be (-25)/(-8) - v/(-104). Calculate the highest common divisor of h and 2.
1
Let k(w) = w**3 - 11*w**2 + 11*w + 78. Let x be k(9). Calculate the greatest common factor of x and 111.
3
Let u(r) = -57*r - 406. Let o be u(-8). What is the highest common divisor of o and 1250?
50
Let h be (-5)/(20/(-16)) + 13. Let i = -14 + h. Calculate the highest common divisor of i and 24.
3
Suppose g = -12*a + 7*a + 197, -5*g + 865 = -5*a. Calculate the greatest common divisor of g and 236.
59
Let y = 52 - 36. Suppose b + 2 - y = w, -26 = w - 4*b. Let v be (-288)/(-2) + w + 6